mon factor of 19 and p.
19
Let v = 1772 - 1732. Calculate the greatest common divisor of 15 and v.
5
Let d be (-1)/(-10)*-6 - 4906/(-10). What is the greatest common divisor of d and 140?
70
Suppose -4*c = -c - 78. Suppose -v - 1 = -c. Suppose -4*r + 25 = r. Calculate the greatest common factor of v and r.
5
Suppose b = 3*b + 3*o - 17, 4*b = 5*o + 1. Let p be (-266)/(-21)*6/b. What is the highest common factor of 57 and p?
19
Suppose 7*t - 110 = 8*t. Let x be (t/(-33))/((-4)/(-6)). Let z(c) = 13*c - 16. Let d be z(x). What is the greatest common factor of 7 and d?
7
Let i be ((-110)/(-40))/((-1)/(-16)). Let z(a) = 44*a - 22. Let m be z(3). Calculate the greatest common divisor of i and m.
22
Suppose 0 = 2*j - 7 + 1, 0 = h - 4*j + 73. Let z = h - -69. What is the greatest common divisor of 8 and z?
8
Let m = 12 + 16. Let t(p) = 12*p + 10 - 29*p + 16*p. Let l be t(3). Calculate the greatest common factor of l and m.
7
Let c = 0 + 6. Let j(d) = d**3 + 6*d**2 - 10*d + 3. Let v be j(-7). What is the greatest common factor of c and v?
6
Let n = -193 + 541. What is the greatest common divisor of 24 and n?
12
Let b(h) = 2*h**2 + 20*h - 513. Let i be b(-27). Calculate the greatest common factor of 45 and i.
45
Suppose -11*t = -6*t - 25. Suppose -140 = -4*m + t*p, -m + 140 = 2*m + 5*p. What is the greatest common factor of 240 and m?
40
Suppose 21*t + 26*t = 329. Calculate the greatest common divisor of 49 and t.
7
Suppose -3*n + 8*n - 40 = 0. Let b = 117 - 93. What is the greatest common divisor of n and b?
8
Let l(u) = -157*u - 166. Let k be l(-2). Calculate the greatest common divisor of 703 and k.
37
Let m = 587 + -402. Suppose -2*z + 13 = 3*g - z, 2*g = 5*z - 14. Let t(o) = 5*o**2 - 4*o + 4. Let r be t(g). What is the greatest common factor of m and r?
37
Suppose -4*w = -10 - 1142. Suppose -w = -k - 2*k. Suppose 4*u = -4*j + k, 56 = 3*u - 4*j - j. What is the highest common factor of 2 and u?
2
Let k = -56 + 59. Let r be 39*((0 - k) + 22/6). Suppose 2*c - 265 = -4*s + 3*c, 0 = -2*s + c + 135. Calculate the greatest common factor of s and r.
13
Let i = 4307 + -4187. Suppose -3*w = 34 - 178. What is the highest common factor of i and w?
24
Let p be -3 + 4 + 2 - -2. Suppose -5*s - 15 = -p*o, -4*s + s - o + 3 = 0. Let g(b) = 3*b + 7. Let c be g(s). What is the highest common divisor of c and 49?
7
Let m(d) = -d**3 + 17*d**2 - 55*d + 5. Let y be m(5). Calculate the greatest common divisor of y and 255.
15
Let j = -51 - -61. Let x be ((-40)/(-14))/(40/140). What is the highest common factor of x and j?
10
Let j = 251 + -91. Suppose -2*p = 2*p - j. What is the greatest common divisor of 20 and p?
20
Let t(n) = 4*n**2 + n - 6. Let k be t(-3). Let x = 0 + k. Let d be (-1 - 1) + (-440)/(-4). Calculate the greatest common divisor of d and x.
27
Let y be 6*(7 + 5/30*-26). Let x = 180 + -52. What is the highest common divisor of y and x?
16
Suppose -5*o = c + 5, -3*o + 0*c - 4*c = 3. Let h be 3*(0 + o) + 1. Let m be (-21)/14 + (-11)/h. Calculate the highest common divisor of 36 and m.
4
Let j = 73 - 55. Calculate the highest common factor of j and 18.
18
Let n = 1284 - 1172. Calculate the greatest common divisor of 42 and n.
14
Let g(z) = z + 8. Let k be g(-3). Let b(h) = 4*h - 14. Let l be b(k). What is the highest common divisor of 24 and l?
6
Let f be (-1 - -55)*6/12 - -2. Let z(a) = a**3 - 30*a**2 + 35*a - 64. Let i be z(f). What is the greatest common factor of 10 and i?
10
Let y = 313 + -300. What is the greatest common divisor of y and 169?
13
Suppose 196*q - 525 = 171*q. What is the greatest common divisor of 102 and q?
3
Let d(g) = -2*g**3 - 6*g - 2. Let t be d(-4). Suppose 4*v - 5*b = 1358, 2*v = v - 5*b + 327. Let w = v - t. Calculate the highest common factor of w and 17.
17
Let i = 47 - 25. Let c = 30 - i. Calculate the greatest common factor of c and 8.
8
Suppose 4*u - 12 + 0 = 0. Let h(b) = b + 7. Let n be h(-4). Let k be 12/(n*u/108). Calculate the greatest common factor of 16 and k.
16
Suppose -3*b - 5*l = -0*b - 189, 2*l + 126 = 2*b. What is the greatest common factor of 441 and b?
63
Let n be -33*((-10)/6 - 4). Let t(p) = -12 + n*p + 5*p**3 + 13*p**2 - 177*p - 4*p**3. Let q be t(-12). What is the greatest common factor of 60 and q?
12
Let l = 715 - 603. Calculate the greatest common factor of 189 and l.
7
Suppose 5*h - 59 = -9. Suppose 220 = 4*p - 180. What is the greatest common factor of h and p?
10
Let k(m) = -m**3 + 2*m + 3. Let v be k(-2). Let i(u) = -18*u - 1. Let n be i(-1). Suppose -j + n = 3. Calculate the greatest common factor of v and j.
7
Suppose -u + 11 = 4. Suppose -3 = 3*w + 5*j + u, 6 = 4*w - 3*j. Suppose -3*y - 16 + 46 = w. Calculate the highest common factor of y and 10.
10
Let o(j) = j**3 - 8*j**2 + 6*j + 17. Let l be o(8). Let h be l/26*(-36)/(-5). Calculate the highest common factor of 126 and h.
18
Suppose 0 = -7*p + 3*p + 4. Let h be (8/(-10))/((-32)/80). Suppose 2*g = 8 - h. Calculate the greatest common divisor of g and p.
1
Let b = -57 + 200. Suppose -3*d + 23 = 2*l, 2*l + 3*l = 5*d + 70. What is the highest common divisor of l and b?
13
Suppose -2*i = 8*g - 12*g + 670, -2*g = 5*i - 305. What is the highest common divisor of g and 15?
15
Let o(d) = -d**3 + 7*d**2 + 8*d + 13. Suppose 0 = u - 15 + 7. Let i be o(u). Let t be (0 + -6)/(2/(-13)). What is the highest common factor of i and t?
13
Let b(d) = -d**2 - 6*d. Suppose l + 7 = 2*x, 4*x - 29 = 7*l - 2*l. Let k be b(l). Suppose 3*n + k - 38 = 0. What is the highest common divisor of 77 and n?
11
Let b = 12 + -3. Suppose 4*i = -3*d + 297, -3*d + 338 = 3*i + 113. Calculate the highest common factor of b and i.
9
Suppose -8*l + 1662 - 438 = 0. Calculate the greatest common divisor of l and 17.
17
Let x = 54 + -8. What is the greatest common factor of 322 and x?
46
Suppose -g = 2*g - 6. Let k be (1*2)/(g/20). What is the greatest common divisor of k and 40?
20
Let q be (156/21)/(16/7 + -2). What is the highest common factor of q and 91?
13
Let y be (444 + 0)/(-8*4/(-16)). What is the greatest common divisor of 6 and y?
6
Let v be (8/(-12))/(2/(-6)). Let i be -6 - (2 - (3 - v)). Let q = 31 + i. Calculate the greatest common divisor of q and 3.
3
Suppose -22 = 3*v + 5*f, -3 + 9 = -3*f. Let g be 54*(0 - v/8). Let k = -24 + g. What is the greatest common divisor of k and 1?
1
Let s be 6346/95 - 36/20. What is the highest common divisor of 1495 and s?
65
Let w = 24 - 15. Suppose -6*j = -16*j - 100. Let o be (-55)/(-22)*(-72)/j. What is the greatest common divisor of o and w?
9
Let x = -35 + 37. Suppose d - 280 = -x*d + 2*j, -4*d + 355 = j. Calculate the greatest common divisor of d and 36.
18
Let x(h) = 2*h + 6. Let z be x(7). Suppose -3*n - n - z = -4*g, -4*n - 20 = 4*g. Let u be g + (-3 + -1)/(-2). What is the greatest common divisor of 22 and u?
2
Let q(n) = 2*n + 7. Let r be q(4). Let m be 6/(-4)*(-110)/r. What is the greatest common factor of 55 and m?
11
Suppose 3*q = 6*q + 5*n + 389, 0 = 4*q - 5*n + 507. Let m = 73 + q. Let h be m/(-20) - 6/8. What is the greatest common divisor of h and 1?
1
Suppose 34 + 0 = j - 3*z, j - 20 = -4*z. Let x be (-1 - (-1)/1)/2. Suppose x = 4*a - 194 - 366. What is the greatest common factor of j and a?
28
Let d be (-21)/168 + 161/8. What is the greatest common divisor of d and 340?
20
Let a = 1645 + -1528. Calculate the greatest common factor of 243 and a.
9
Let g(c) = c**3 + 7*c**2 + 4*c - 4. Let z be g(-7). Let x be 22/8 - (-24)/z. Let u be 258/x - (-3 + 7). What is the highest common divisor of 25 and u?
25
Let j be (-13)/(1*(-4)/(-2 - -30)). Calculate the greatest common factor of j and 7.
7
Let h = 284 - 115. Calculate the greatest common divisor of 13 and h.
13
Let r = -25 + 40. Let n = -5391 - -5431. What is the greatest common divisor of n and r?
5
Let a(d) = 27*d + 19 - 7*d + 268*d**2 - 266*d**2. Let y be a(-9). Suppose -4*x + q = -29, 4*x + 5 = 5*x + 2*q. Calculate the highest common factor of y and x.
1
Let b(l) = 9*l**2 - 3*l - 2. Let x be b(-4). Let o = 46 - -43. Let n = -67 + o. Calculate the highest common divisor of x and n.
22
Suppose -u - 20 = -3*u. Suppose -10 - 2 = 4*t. Let l be ((-7)/t - -1)*15. Calculate the greatest common divisor of l and u.
10
Let j = 115 + -45. Suppose r - 4*k - 50 = k, -2*r - 5*k = -j. Cal